 (-141)/(-21) - k/(-14). What is the greatest common divisor of f and 77?
7
Let g be -2 + ((-164)/(-2) - 2). What is the greatest common divisor of 13 and g?
13
Let j(u) = 9*u - 16. Let r be j(3). Let f(t) = -t**3 - 3*t**2 + 3*t - 2. Let w be f(-5). Calculate the greatest common divisor of r and w.
11
Let l(y) = 3*y**2 - y + 12. Let p be l(-6). What is the highest common divisor of 18 and p?
18
Let t be (0 - 9/5)*-5. What is the highest common factor of t and 6?
3
Suppose 4*v + 0*v - 24 = -2*k, -4*k + 5*v = -48. Calculate the highest common factor of 12 and k.
12
Let w = 133 + -123. Calculate the greatest common divisor of w and 20.
10
Let y be (30 + -3)/((-9)/(-12)). Let t be (-4)/2 + (-2)/(-2). Let r be 23/2 + t/(-2). What is the highest common divisor of y and r?
12
Let k(u) be the third derivative of u**6/120 - u**4/24 + 2*u**3 - 4*u**2. Let x be k(0). Let y be 49 - (0 + 1)*1. What is the greatest common factor of x and y?
12
Let c(v) = v**3 - 2*v**2 - 15*v + 11. Let r be c(8). What is the highest common divisor of r and 25?
25
Suppose -157 = 3*n + 3*p + 11, 0 = -5*n + 5*p - 240. Let i = n - -73. Let u be (23/(-9) - -1)*(-11 + 2). What is the greatest common divisor of i and u?
7
Suppose z + 5*o - 210 = -3*z, -3*o - 6 = 0. Calculate the greatest common factor of z and 33.
11
Let d(x) = 94*x**2 - 2. Let v be d(-2). Suppose 162 = 4*t + 26. Calculate the highest common factor of t and v.
34
Suppose 0 = 24*x - 19*x - 560. Let d(v) = 2*v**3 - 2*v**2 + 4*v - 2. Let o be d(2). What is the highest common factor of x and o?
14
Suppose -3*q = -4*q + 3. Suppose -q*j + 8 + 25 = 0. What is the greatest common divisor of j and 110?
11
Let a = 15 - 10. Let r = a + 5. Calculate the greatest common divisor of r and 110.
10
Let a(t) = -t**2 + 1. Let z(o) = 7*o - 11. Let r(d) = -a(d) - z(d). Let i be r(7). Calculate the greatest common factor of i and 5.
5
Suppose -8 + 2 = -q. Suppose m + q = 22. What is the highest common factor of m and 40?
8
Let t be (23 - 3)*6/15*9. What is the greatest common divisor of t and 18?
18
Let k = -3 + 21. Let c(v) be the second derivative of -5*v**3/3 - 5*v**2/2 - 4*v. Let j be c(-5). What is the highest common divisor of k and j?
9
Let c be (-1)/((-1)/108*2). Calculate the highest common factor of 6 and c.
6
Suppose -322 = -2*l - 88. What is the highest common factor of 78 and l?
39
Let h be (-17 - 1)*2/(-3). Suppose 0 = -a + 4*a - h. Let x be (-102)/(-5) - a/10. Calculate the highest common factor of 50 and x.
10
Let b be 2 - 2*(-3)/(-6). Suppose -2*f - f - 4*q + 25 = 0, 2*f + 5*q - 26 = 0. What is the highest common factor of b and f?
1
Suppose 3*d + 48 = 156. Let z(v) = 2*v. Let m be z(2). Calculate the highest common divisor of m and d.
4
Let k be -2*(0 - 2) + 0. Suppose -70 = -3*s - k*r, 0 = s + 2*r + 3*r - 38. What is the highest common factor of s and 45?
9
Let t = 13 + -1. Let m = 188 - 68. Calculate the greatest common divisor of m and t.
12
Let b = 52 - 49. Let w be ((-72)/10)/((-1)/10). Suppose -d - w = -b*d. What is the greatest common factor of d and 24?
12
Let c = 80 - 62. What is the highest common factor of c and 45?
9
Let z be 0 + 3 + -1 + (228 - 5). Calculate the highest common divisor of z and 15.
15
Let n be -3 - (0 - -3)/(-1). Suppose 2*s - 2*w - 14 = -w, 4*w = n. What is the highest common divisor of 28 and s?
7
Let o = 3 - 1. Let l(r) = r**2 - r - 10. Let v be l(-3). Suppose 0 = -v*m + o. Calculate the greatest common factor of 7 and m.
1
Suppose -8 = -5*s + 2. Let h(x) = -x**3 + 8*x**2 + 3*x - 2. Let w be h(8). What is the greatest common divisor of s and w?
2
Let t = -37 + 57. Suppose 7*n + 3*f - 35 = 2*n, 4*f = -t. Let a be 20*(11/2 - 0). What is the greatest common divisor of n and a?
10
Suppose 36*r + 210 = 46*r. Calculate the highest common divisor of r and 14.
7
Let j(w) = -55*w. Suppose 0 = 2*b - 4*b - 4*h + 22, -2*b + 7 = -h. Let f = b - 6. Let g be j(f). What is the greatest common divisor of g and 5?
5
Let s(x) = -x**3 + 5*x**2 - 3*x + 6. Let i be s(5). Let y(u) = -u - 7. Let l be y(i). Suppose -2*a = l*a - 648. Calculate the highest common factor of 18 and a.
18
Suppose 0 = 54*i - 50*i - 176. Calculate the greatest common divisor of i and 110.
22
Suppose -3*u + 16 = -5*u. Let f(y) be the third derivative of -y**4/24 + 5*y**3/3 - 11*y**2. Let r be f(u). Calculate the greatest common factor of r and 126.
18
Suppose 0 = -f + 2*f - 24. Suppose 0 = l - 12 - f. What is the highest common factor of 4 and l?
4
Let j = -3 - -9. Let n be -14*j/(-4) + 1. What is the highest common divisor of n and 2?
2
Let t = -5 - -3. Let i = 6 + t. Suppose 2*l + 14 = 4*l + i*h, -l + 1 = 5*h. Calculate the highest common divisor of l and 99.
11
Suppose n = 2*h - 1, -h + 4*n + 4 = h. Suppose h = 2*u - 25 - 77. Suppose -v + u = -0*v. Calculate the highest common factor of v and 17.
17
Let g(s) = -s**2 - 7*s - 1. Let l be g(-7). Let x be (-14)/(-7) - (0 + l). Calculate the highest common factor of x and 9.
3
Let z = -1 + 3. Let x(j) = -j**3 - 4*j**2 + 4*j - 1. Let p be x(-5). Let q be -1 + (p/z - -33). What is the greatest common factor of 51 and q?
17
Let k(x) be the first derivative of 0*x**2 - 1 + 6*x - 1/3*x**3. Let z be k(0). What is the greatest common divisor of 3 and z?
3
Let l(a) be the third derivative of 5*a**4/12 - 2*a**3/3 - a**2. Let r be l(2). What is the greatest common factor of r and 2?
2
Suppose -2*b + m = -0*m - 22, 5*b + 5*m - 25 = 0. What is the greatest common factor of b and 18?
9
Suppose -g + 2 = -0*g. Suppose 0 = -g*l + 8. What is the highest common factor of l and 16?
4
Let o = -7 - -3. Let x be (2 + -12)/(2/o). What is the greatest common factor of x and 10?
10
Suppose -16 = -4*t - 4*g, -4*t - 2*g + 4 = -14. Let l(y) = 9*y - 8. Let r be l(7). Calculate the highest common divisor of r and t.
5
Let p = 8 - -10. What is the highest common divisor of p and 162?
18
Let s(j) = j**3 + 10*j**2 + 6*j + 13. Let y be s(-9). Suppose 2*f - 32 = 4*w, -3*f + y = f - 2*w. Calculate the highest common factor of f and 1.
1
Let w = -2 + 10. What is the greatest common divisor of 8 and w?
8
Let n(s) = s - 1. Let x be n(2). Suppose 0 = 4*b - 2*t - 26, 5*t = -x + 6. Let o = 29 - b. Calculate the greatest common divisor of o and 33.
11
Let s(p) = -p**2 - 7*p + 11. Let z be s(-8). Let l = 7 - z. Suppose l = 2*w - 4. Calculate the highest common divisor of w and 8.
4
Suppose -4*i + 10*i - 180 = 0. Let k be ((-4)/(-3))/(2/9). Calculate the highest common divisor of i and k.
6
Let x be 81/12 + 2/8. Let l be 1 - (-201)/6*-4. Let a = -56 - l. Calculate the greatest common factor of a and x.
7
Let t be (-128)/48*(-42)/(-4). Let h be (t/7)/(1/(-6)). What is the greatest common divisor of 3 and h?
3
Suppose u = 3, -5*a - u = -631 + 208. Let l(p) = 2*p**3 + 5*p**2 - 3*p**2 - p**3 - 2*p. Let s be l(2). Calculate the greatest common factor of s and a.
12
Suppose 3*i = i + 10. Suppose r = i*r - 52. What is the highest common factor of 13 and r?
13
Suppose 2*g - 58 = -5*r, 6*g - 2*g = -4*r + 44. What is the highest common factor of r and 96?
12
Let k be 2/3 - (564/(-18) - 4). Calculate the greatest common divisor of 90 and k.
18
Let a = 11 - 6. Suppose a*f = 117 - 37. Let u be (32/3)/((-14)/(-105)). What is the greatest common divisor of f and u?
16
Suppose 147 = -5*j + 397. Calculate the greatest common factor of j and 10.
10
Let v = -9 - -16. Calculate the highest common divisor of v and 1.
1
Let i(d) = 13*d - 64. Let x be i(6). Let v(y) = -y**3 + 4*y**2 + 4*y + 7. Let b be v(5). Calculate the greatest common factor of x and b.
2
Suppose -4*b + 2 = 3*s, -2*s + 5 = -3*b - 2. Suppose -s*i - i - 75 = -g, -4*i + 318 = 5*g. Let j = -15 + 26. Calculate the highest common factor of j and g.
11
Let o = 8 - 4. Suppose -o*u = u - 200. Calculate the greatest common factor of 10 and u.
10
Let p be 3/((-15)/(-200)) - -1*2. What is the greatest common factor of p and 105?
21
Let c(m) = m**2 + 3 + 2 - 3 - 5 - 5*m. Let h be c(6). What is the highest common factor of 33 and h?
3
Suppose 3*p + 279 = -126. Let d be 32/6*p/(-12). Calculate the highest common divisor of 20 and d.
20
Let j be ((-2)/4)/((-2)/(-120)). Let u = j - -70. What is the highest common factor of 5 and u?
5
Suppose 7*u - 169 = 6*u. Let r = u - 73. Calculate the greatest 